*t - 135. What is h(21)?
180
Let g(q) = q**3 - 64*q**2 + 206*q - 5088. What is g(62)?
-4
Let z(l) = 3*l**3 - 130*l**2 + 43*l + 7. Give z(43).
7
Let c(p) = p**3 - 12*p**2 + 12*p + 95. Calculate c(5).
-20
Let c(y) = 25*y**2 + 164*y + 165. What is c(-1)?
26
Let m(a) = -1498*a + 25452. What is m(17)?
-14
Let r(p) = 207*p - 2039. Calculate r(10).
31
Let w(h) = h**3 + 28*h**2 - 83*h - 67. Calculate w(-31).
-377
Let p(j) = j**3 + 25*j**2 - 84*j - 15. Determine p(-28).
-15
Let c(k) = 22*k**2 + 338*k + 113. Calculate c(-15).
-7
Let j(m) = -673*m + 100285. Give j(149).
8
Let d(l) = 22*l + 556. What is d(-25)?
6
Let f(m) = 5*m - 128. Calculate f(8).
-88
Let p(h) = -4*h**2 + 60*h + 481. Give p(-6).
-23
Let c(s) = s**3 - 15*s**2 - 361*s + 25. Determine c(-13).
-14
Let y(l) = 820*l - 3188. What is y(4)?
92
Let x(j) = 2*j**3 + 12*j**2 - 166*j - 1070. Calculate x(-7).
-6
Let z(x) = x**2 - 29*x + 110. What is z(4)?
10
Let o(s) = s**3 - 39*s**2 - 2*s + 106. What is o(39)?
28
Let o(v) = -v**2 - 13*v - 23. What is o(0)?
-23
Let x(k) = 3*k**2 - 116*k + 116. Determine x(36).
-172
Let u(g) = -g**3 + 9*g**2 - 17*g + 72. Calculate u(8).
0
Let x(u) = -u**2 - 910*u + 6420. What is x(7)?
1
Let h(j) = j**3 - 7*j**2 - 154*j + 1089. What is h(7)?
11
Let a(v) = v**2 - 5*v - 21. What is a(8)?
3
Let g(p) = p**3 - 6*p**2 + 32*p - 112. Determine g(5).
23
Let r(m) = -18*m + 147. Determine r(11).
-51
Let j(t) = -2*t**3 - 99*t**2 - 562*t - 126. Give j(-43).
3
Let z(o) = 5*o + 3. What is z(45)?
228
Let y(c) = 241*c - 9152. Determine y(38).
6
Let j(s) = -48*s**2 - 430*s + 16. What is j(-9)?
-2
Let r(k) = 111*k + 2456. Determine r(-22).
14
Let b(z) = -14*z**2 - 245*z - 31. Give b(-14).
655
Let j(m) = 5*m + 185. Give j(-19).
90
Let g(n) = -42*n**2 - 17. Determine g(-3).
-395
Let c(s) = -2*s**2 - 107*s - 892. What is c(-43)?
11
Let t(k) = -k**3 + 15*k**2 - 45*k. Give t(9).
81
Let w(x) = -x**2 + 14*x - 11. Calculate w(5).
34
Let j(r) = r**3 - r**2 - 55*r - 25. Determine j(-7).
-32
Let o(j) = -5*j**2 + 237*j - 89. Calculate o(47).
5
Let k(w) = 8*w**3 - 337*w**2 + 1763*w + 15. Give k(36).
-21
Let v(n) = -28*n - 228. Calculate v(-11).
80
Let q(t) = 7*t**2 + 920*t - 1397. What is q(-133)?
66
Let z(x) = -2*x**3 - 97*x**2 + 50*x - 58. What is z(-49)?
-107
Let p(y) = 223*y - 1780. What is p(8)?
4
Let a(x) = 6*x**2 + 15*x - 33. Determine a(-6).
93
Let v(w) = 2*w**3 + 47*w**2 + 78*w + 273. Calculate v(-22).
9
Let d(b) = 14*b**3 - 3*b**2 + 5*b - 18. What is d(3)?
348
Let l(m) = -3*m - 94. What is l(-7)?
-73
Let v(t) = 2*t**2 - 359*t + 5233. What is v(16)?
1
Let l(g) = -493*g - 2933. Give l(-6).
25
Let h(c) = -11*c**3 + 2*c**2 - 7*c + 34. Give h(4).
-666
Let c(k) = -k**3 + 5*k**2 - 12*k + 3. Give c(3).
-15
Let j(w) = -595*w - 44619. Determine j(-75).
6
Let l(h) = 153*h + 3794. Calculate l(-29).
-643
Let v(d) = d**3 - 57*d**2 - 56*d - 113. Give v(58).
3
Let w(v) = -5257*v + 126170. Calculate w(24).
2
Let s(t) = 317*t - 1342. What is s(4)?
-74
Let q(y) = -740*y - 28105. Give q(-38).
15
Let s(o) = o**3 - 26*o**2 + 95*o - 157. Give s(22).
-3
Let j(d) = 2*d**3 + 5*d**2 - 4*d - 20. Determine j(-2).
-8
Let s(u) = -u**3 - 17*u**2 + 54. What is s(-17)?
54
Let j(i) = -2*i**3 - 25*i**2 + 83*i + 1146. Give j(-12).
6
Let s(y) = 131*y - 2986. Calculate s(27).
551
Let z(m) = m**3 - 15*m**2 - 9*m + 113. Determine z(7).
-342
Let p(r) = -424*r - 4741. Give p(-11).
-77
Let m(v) = -v**3 + v**2 + 5*v + 50. Give m(5).
-25
Let v(o) = 100*o**2 - 715*o + 683. Determine v(6).
-7
Let b(t) = 23*t**2 - 151*t + 84. What is b(6)?
6
Let k(v) = v**2 + 2*v + 47. Calculate k(-6).
71
Let n(r) = 91*r - 656. Give n(7).
-19
Let o(g) = 274*g + 520. Give o(-2).
-28
Let a(y) = 2*y**3 - 238*y**2 - 483*y - 123. What is a(121)?
-2
Let s(h) = h**2 + 89*h + 932. Determine s(-11).
74
Let k(x) = -23*x + 406. Calculate k(19).
-31
Let p(b) = -b**2 + b + 5. Determine p(3).
-1
Let u(y) = -9*y - 284. Calculate u(-29).
-23
Let v(i) = 288*i**2 + 27649*i + 90. Determine v(-96).
-6
Let q(j) = 16*j**2 + 672*j + 5. Give q(-42).
5
Let i(m) = 191*m**2 - 19104*m + 400. Calculate i(100).
0
Let a(g) = -207*g - 5. Give a(-1).
202
Let y(o) = -2*o**2 - 62*o - 60. Calculate y(-1).
0
Let q(u) = u**3 - 58*u**2 + 55*u + 117. Give q(57).
3
Let h(t) = -t**3 - 4*t**2 - 25*t - 130. What is h(-7)?
192
Let s(f) = -91*f**2 + 211*f + 622. What is s(-3)?
-830
Let h(y) = 808*y - 21815. What is h(27)?
1
Let y(p) = -p**3 + 15*p**2 + 60*p - 1122. What is y(12)?
30
Let g(k) = -8*k**2 - 1235*k - 1691. What is g(-153)?
-8
Let o(r) = 40*r - 536. What is o(9)?
-176
Let n(t) = 65*t - 133. What is n(3)?
62
Let i(h) = 399*h + 28740. What is i(-72)?
12
Let o(s) = 191*s - 10501. Determine o(55).
4
Let l(k) = -k**2 - 1109*k + 4485. Determine l(4).
33
Let o(p) = p**2 + 19*p + 35. What is o(-10)?
-55
Let b(u) = -u**3 - 14*u**2 + 6*u + 22. Give b(-15).
157
Let x(k) = 2*k**2 + 3*k + 8. Calculate x(-4).
28
Let c(x) = -2*x**2 + 353*x + 9569. Calculate c(-24).
-55
Let m(p) = 10*p**2 + 993*p - 741. Calculate m(-100).
-41
Let t(u) = -2*u**2 + 22*u - 191. What is t(10)?
-171
Let v(f) = -626*f + 3126. Determine v(5).
-4
Let t(q) = -q**2 - 40*q - 112. Calculate t(-37).
-1
Let m(w) = w**3 + 21*w**2 + 79*w + 187. Calculate m(-17).
0
Let l(k) = 948*k + 4732. Determine l(-5).
-8
Let l(b) = -3472*b - 138874. Determine l(-40).
6
Let q(x) = -x**3 + 5*x**2 + 23*x - 9. What is q(8)?
-17
Let y(l) = l**2 + 28*l + 143. What is y(-5)?
28
Let y(i) = -88*i - 67. Give y(-1).
21
Let g(f) = -5*f**2 - 376*f - 58. Determine g(-75).
17
Let k(u) = 3*u**3 - 2*u**2 + 22*u + 58. Determine k(-3).
-107
Let x(p) = -38*p**3 - 2*p**2 - 7*p - 7. Determine x(-1).
36
Let j(z) = z**3 - 31*z**2 + 209*z - 209. What is j(8)?
-9
Let m(i) = 2065*i - 10327. What is m(5)?
-2
Let p(s) = -6*s + 55. What is p(-9)?
109
Let a(h) = 10*h**2 + 962*h + 98. Give a(-96).
-94
Let z(h) = -49*h + 1826. What is z(38)?
-36
Let t(q) = -2*q**2 - 209*q - 2910. Calculate t(-88).
-6
Let s(m) = -53*m - 126. Calculate s(-2).
-20
Let d(w) = w**3 + 15*w**2 - 125*w - 1284. Determine d(-18).
-6
Let y(c) = -c**2 + 7*c + 8. What is y(-11)?
-190
Let i(o) = -398*o + 18310. Calculate i(46).
2
Let t(s) = 17*s - 969. What is t(57)?
0
Let l(i) = -50*i + 792. Calculate l(19).
-158
Let f(b) = -26*b + 504. Calculate f(17).
62
Let v(a) = a**2 - 37*a + 151. Calculate v(32).
-9
Let x(v) = 8*v**2 + 86*v + 177. What is x(-10)?
117
Let p(l) = -l**3 - 21*l**2 - 107*l - 54. What is p(-13)?
-15
Let j(r) = 1583*r + 19016. Calculate j(-12).
20
Let r(x) = -x**2 + 30*x - 95. Determine r(26).
9
Let s(i) = -27*i - 232. Give s(-9).
11
Let b(h) = h**3 + 41*h**2 + 120*h + 291. What is b(-38)?
63
Let r(m) = -94*m - 166. Calculate r(-4).
210
Let w(d) = d**2 - 45*d - 16. Give w(48).
128
Let j(g) = g**3 + 3*g**2 - 342*g - 4. What is j(0)?
-4
Let l(c) = 4*c**3 + 8*c**2 - 12*c - 32. Calculate l(-2).
-8
Let s(a) = -17*a - 110. What is s(-3)?
-59
Let l(s) = 2*s**3 + 37*s**2 + 284. What is l(-19)?
-77
Let s(t) = -t**3 - 17*t**2 - 36*t + 98. What is s(-14)?
14
Let g(m) = -3*m**2 + 37*m + 14. Give g(3).
98
Let u(w) = w**3 - 48*w**2 + 35*w + 567. Calculate u(47).
3
Let x(z) = -z**2 - 2*z + 354. Calculate x(-22).
-86
Let y(w) = 4053*w - 77005. Calculate y(19).
2
Let b(h) = -70*h - 33. Calculate b(-3).
177
Let c(g) = -4101*g + 8176. Determine c(2).
-26
Let q(w) = -w**2 - 80*w - 1339. Determine q(-56).
5
Let g(d) = 14*d**3 + 101*d**2 + 46*d + 171. Give g(-7).
-4
Let o(i) = -i**3 - 5*i**2 + 17*i + 65. What is o(-3)?
-4
Let j(l) = 281*l - 553. Determine j(2).
9
Let w(v) = -10*v**3 + 16*v**2 + v. Calculate w(1).
7
Let r(w) = w**2 - 765*w - 9278. Determine r(-12).
46
Let q(m) = -m**2 - 78*m + 325. Give q(-84).
-179
Let s(l) = l**2 - 447*l + 2648. What is s(6)?
2
Let c(n) = -3*n**3 + 94*n**2 + 58*n + 14. Give c(32).
-178
Let a(q) = -1094*q - 34998. Calculate a(-32).
10
Let b(i) = -137*i - 20546. Determine b(-150).
4
Let f(n) = -n**3 - 126*n**2 - 4*n - 518. What is f(-126)?
-14
Let i(c) = 186*c + 1121. What is i(-6)?
5
Let z(r) = -r**2 + 92*r + 799. What is z(100)?
-1
Let m(h) = -h**2 - 270*h - 796. Calculate m(-3).
5
Let m(h) = 5*h**2 + 18*h - 987. What is m(-16)?
5
Let b(s) = 25*s - 253. Calculate b(11).
22
Let x(s) = s**3 + 25*s**2 + 18*s + 57. Determine x(-24).
201
Let v(a) = -6*a**2 + 408*a - 3761. Calculate v